are the prime factors of 155712461?
23, 1913, 3539
List the prime factors of 49644705.
3, 5, 11, 300877
List the prime factors of 170699508.
2, 3, 7, 43, 59, 89
What are the prime factors of 732980067?
3, 67, 107, 173, 197
What are the prime factors of 607530836?
2, 11, 17, 47, 1571
List the prime factors of 447822373.
31, 14445883
List the prime factors of 4481322.
2, 3, 127, 5881
List the prime factors of 292852355.
5, 241, 243031
What are the prime factors of 562811506?
2, 281405753
What are the prime factors of 60953257?
191, 319127
List the prime factors of 57624810.
2, 3, 5, 1373, 1399
What are the prime factors of 1001439897?
3, 19, 17569121
List the prime factors of 55700882.
2, 27850441
What are the prime factors of 170698082?
2, 85349041
What are the prime factors of 56192423?
7, 929, 8641
What are the prime factors of 172339449?
3, 647, 88789
What are the prime factors of 440412679?
7, 62916097
List the prime factors of 270594756.
2, 3, 101, 8269
What are the prime factors of 740251762?
2, 370125881
List the prime factors of 78192250.
2, 5, 257, 1217
List the prime factors of 3174672489.
3, 103, 401, 25621
List the prime factors of 1335935112.
2, 3, 29, 59, 32533
List the prime factors of 1991110005.
3, 5, 31, 158591
List the prime factors of 5083919591.
5083919591
What are the prime factors of 373284323?
373284323
What are the prime factors of 314531159?
211, 1490669
What are the prime factors of 29822248?
2, 19, 31, 6329
What are the prime factors of 33686608?
2, 2105413
List the prime factors of 1003365565.
5, 1097, 182929
What are the prime factors of 41110432?
2, 11, 116791
What are the prime factors of 941537879?
79, 11918201
What are the prime factors of 39813095?
5, 7, 107, 10631
List the prime factors of 1635117867.
3, 60559921
What are the prime factors of 210795751?
29, 7268819
What are the prime factors of 3678934326?
2, 3, 97, 6321193
List the prime factors of 137464888.
2, 11, 1562101
What are the prime factors of 5280094986?
2, 3, 293, 829, 3623
List the prime factors of 209304701.
209304701
What are the prime factors of 17124880?
2, 5, 23, 41, 227
List the prime factors of 862553706.
2, 3, 7, 20536993
List the prime factors of 273228842.
2, 136614421
What are the prime factors of 2598362156?
2, 13, 3843731
What are the prime factors of 68964539?
7, 9852077
What are the prime factors of 257881715?
5, 7, 13, 31, 47, 389
What are the prime factors of 450574741?
450574741
List the prime factors of 265829810.
2, 5, 59, 349, 1291
What are the prime factors of 46622094?
2, 3, 2477, 3137
What are the prime factors of 2890705570?
2, 5, 163, 1773439
List the prime factors of 4609609846.
2, 2304804923
What are the prime factors of 131185567?
83, 101, 15649
What are the prime factors of 830843863?
47, 17677529
List the prime factors of 4107728862.
2, 3, 67, 126151
What are the prime factors of 633880755?
3, 5, 19, 421, 587
List the prime factors of 112667824.
2, 53, 132863
List the prime factors of 200375722.
2, 53, 1890337
What are the prime factors of 63792426?
2, 3, 10632071
What are the prime factors of 101429526?
2, 3, 11, 1536811
List the prime factors of 727304978.
2, 29, 47, 479, 557
List the prime factors of 262514476.
2, 7, 17, 61, 9041
List the prime factors of 64422958.
2, 19, 1695341
List the prime factors of 718848717.
3, 19, 821, 15361
List the prime factors of 151019766.
2, 3, 367, 22861
List the prime factors of 3889755961.
7, 13, 631, 67741
What are the prime factors of 6779731138?
2, 17, 43, 1213, 3823
What are the prime factors of 515798303?
3931, 131213
What are the prime factors of 175134203?
191, 916933
List the prime factors of 38761970.
2, 5, 13, 298169
List the prime factors of 195114253.
17, 53, 216553
List the prime factors of 2825945643.
3, 941981881
List the prime factors of 309707118.
2, 3, 7, 431, 1901
List the prime factors of 62675952.
2, 3, 1305749
List the prime factors of 942179406.
2, 3, 7, 17, 23, 57373
List the prime factors of 209407511.
31, 6755081
List the prime factors of 14101580.
2, 5, 705079
List the prime factors of 312259093.
53, 59, 99859
List the prime factors of 687540510.
2, 3, 5, 7639339
What are the prime factors of 7749189419?
179, 839, 51599
List the prime factors of 182572973.
11, 1637, 10139
List the prime factors of 25261886.
2, 13, 223, 4357
What are the prime factors of 73627540?
2, 5, 7, 367, 1433
List the prime factors of 62001452.
2, 1429, 10847
List the prime factors of 3784548338.
2, 1892274169
List the prime factors of 154530130.
2, 5, 37, 417649
List the prime factors of 52860609.
3, 113, 51977
List the prime factors of 6065282870.
2, 5, 43, 67, 210527
What are the prime factors of 176817502?
2, 41, 2156311
List the prime factors of 3020396400.
2, 3, 5, 7, 29, 4133
List the prime factors of 404878393.
404878393
List the prime factors of 1322752619.
41, 32262259
List the prime factors of 659617863.
3, 219872621
What are the prime factors of 609639779?
7, 373, 233489
List the prime factors of 8371944716.
2, 373, 5611223
What are the prime factors of 3300765?
3, 5, 13, 16927
List the prime factors of 6532335668.
2, 1633083917
List the prime factors of 931298048.
2, 3637883
What are the prime factors of 311150452?
2, 499, 155887
List the prime factors of 44821378.
2, 7, 601, 761
List the prime factors of 44903991.
3, 11, 61, 22307
List the prime factors of 137046144.
2, 3, 23, 59, 263
List the prime factors of 1703629560.
2, 3, 5, 2029, 6997
What are the prime factors of 195937612?
2, 13, 61, 223, 277
What are the prime factors of 18542771?
13, 1426367
What are the prime factors of 1949601136?
2, 7, 17407153
What are the prime factors of 690811972?
2, 431, 400703
List the prime factors of 123157096.
2, 1621, 9497
What are the prime factors of 810000160?
2, 5, 29, 174569
List the prime factors of 193791512.
2, 24223939
List the prime factors of 121788544.
2, 17, 97, 577
List the prime factors of 169036980.
2, 3, 5, 7, 67, 6007
List the prime factors of 285359723.
11, 751, 34543
List the prime factors of 81907084.
2, 7, 31, 197, 479
What are the prime factors of 846387251?
846387251
What are the prime factors of 1776557193?
3, 67, 139, 63587
What are the prime factors of 60748496?
2, 197, 19273
What are the prime factors of 17675091?
3, 7, 10391
List the prime factors of 274395175.
5, 23, 477209
What are the prime factors of 619213777?
7, 13, 367, 18541
List the prime factors of 1781581412.
2, 13, 34261181
What are the prime factors of 6231089357?
4007, 1555051
List the prime factors of 85795782.
2, 3, 14299297
List the prime factors of 3562676216.
2, 11, 29, 1396033
List the prime factors of 823832149.
7, 89, 26987
What are the prime factors of 130533367?
457, 285631
What are the prime factors of 61361608?
2, 7, 11, 23, 61, 71
List the prime factors of 456373038.
2, 3, 11, 23, 151, 181
What are the prime factors of 1574543030?
2, 5, 59, 787, 3391
List the prime factors of 1211984095.
5, 7, 29, 1069, 1117
What are the prime factors of 8722608255?
3, 5, 19, 29, 149, 787
What are the prime factors of 20945512?
2, 7, 151, 2477
What are the prime factors of 715053524?
2, 17, 19, 553447
What are the prime factors of 102707762?
2, 51353881
List the prime factors of 643510393.
643510393
What are the prime factors of 52324372?
2, 13081093
List the prime factors of 359003888.
2, 22437743
List the prime factors of 9612074.
2, 317, 15161
What are the prime factors of 4219106082?
2, 3, 703184347
What are the prime factors of 1878912464?
2, 11, 13, 89, 9227
What are the prime factors of 338688338?
2, 19, 53, 211, 797
List the prime factors of 232073834.
2, 17, 29, 235369
What are the prime factors of 7546715953?
7, 5641, 191119
List the prime factors of 426241171.
149, 2860679
What are the prime factors of 208131767?
12037, 17291
What are the prime factors of 1385604932?
2, 47, 7370239
List the prime factors of 4475712066.
2, 3, 7, 9413, 11321
List the prime factors of 46191500.
2, 5, 92383
List the prime factors of 175294171.
13, 19, 709693
List the prime factors of 4513687769.
43, 104969483
What are the prime factors of 6582608043?
3, 11, 199472971
List the prime factors of 30825620.
2, 5, 7, 421, 523
List the prime factors of 74186562.
2, 3, 83, 311, 479
What are the prim